- 7. Let y(k) = i*c(k) - 5*j(k). What is y(v)?
-1
Let h = 5287 - 5292. Let v(q) = 3*q**3 + 16*q**2 + 4*q + 3. Give v(h).
8
Let r be 86/(((-64)/96)/(1/(-3))). Suppose 2*h + i + 0*i + 10 = 0, -5*h + 2*i = r. Let s(n) = n**2 + 4*n - 10. Determine s(h).
11
Let o be (36/27)/((-8)/(-6)) - -1. Suppose -2*m + 26 = 2*m + 5*b, 5*m = o*b + 16. Let w(d) be the second derivative of -d**3/6 + 3*d**2/2 + 6*d. Give w(m).
-1
Let w = 111 - 106. Let z(y) = 7 - y - w*y**2 - 11 + 4*y**2. Give z(-3).
-10
Let y = 23 + -25. Let b(t) = -22*t**3 + 14*t - 19. Let i(k) = -8*k**3 + 5*k - 7. Let w(x) = 3*b(x) - 8*i(x). Give w(y).
11
Let k be (-2)/6 + 4/3. Let q(n) = -292*n**3 - 2 + 3 + 96*n**3 + 25*n**2 + 114*n**3 + 104*n**3 - 27*n**2. Calculate q(k).
21
Let a(y) = y**3 - 3*y**2 - 6*y + 6. Let r(n) = 7*n + 4. Let h be r(-1). Let u be (-2)/(h*(-2)/(-6)). Suppose u*g + 3*g + 5 = 5*k, -10 = -2*k. Give a(g).
-2
Let d(s) be the third derivative of s**6/120 + s**5/10 - s**4/3 - 3*s**3 - 10*s**2 + 15*s. Give d(-6).
30
Suppose -8 = -4*a + 4*m, -4*a + 3 = 4*m - 3*m. Let p be -5 - (0/a)/1. Let y(l) = 0*l**2 + 56*l - 31*l - 6*l**2 - 32*l - l**3 + 2760 - 2764. What is y(p)?
6
Let u(n) be the first derivative of 8*n**3/3 - 24*n**2 - 2*n - 3610. Calculate u(6).
-2
Let q(l) = 25*l**3 + 13*l**2 + 15*l + 10. Let o(z) = 21*z**3 + 12*z**2 + 13*z + 9. Let n(f) = 6*o(f) - 5*q(f). Calculate n(-4).
40
Let m(n) = n**2 + 3*n + 2 - 1 + 1 + 1. Suppose 0 = 5*t + 50, -2*b + 4*b - 10 = 2*t. Calculate m(b).
13
Let b(j) = -22*j + 10. Let y be b(1). Let s = 9 + y. Let o(v) = v**2 - 5*v - 4. Give o(s).
20
Let q be 804/(-36) + 14 + 1/3. Let f(v) = 3*v**2 - 2. Let t be f(2). Let c(w) = -w + t + 2*w - 1. Give c(q).
1
Let j(u) be the first derivative of -u**3/6 - 9*u**2/2 + 13*u + 20. Let q(l) be the first derivative of j(l). Let a = 553 + -561. Calculate q(a).
-1
Let v(a) = 3*a - 115*a**3 + 132 + 6290*a**2 + 114*a**3 - 6323*a**2 + a. What is v(-33)?
0
Let w(t) = -t - 2. Let r be w(-5). Let s(m) = -4*m + m**r - 5*m + 2 + 2 - 7*m**2. Suppose 0 = -41*u - 71*u - 74 + 970. What is s(u)?
-4
Let s(u) = u**3 - 5*u**2 + 3*u + 1. Let l(d) = -2*d**2 - 29*d + 19. Let y be l(-15). Suppose 0 = -15*o - y*o + 57. Give s(o).
-8
Let a(h) = -10*h**2 + 3. Suppose -3*x + 8 = 5*b - 3, -7 = -2*x - 3*b. Calculate a(x).
-37
Let m(s) = s**3 + 7*s**2 + 5*s + 5. Let c be (0 - 0) + 0/(-2 + -5). Suppose -3*t + 15 = -c*t. Suppose -t*i = 4*i + 54. What is m(i)?
11
Suppose 4*n - 91 - 14 = c, -5*n = -7*c - 114. Suppose -n*y + 71*y = 0. Let t(i) = i - 8. Calculate t(y).
-8
Let m(y) = 5776721*y**2 - 5 + y**3 + 6*y - 5776715*y**2 + 13. Let x(w) = -w**2 + 5*w - 5. Let c be x(5). Give m(c).
3
Suppose -76*j + 86*j - 220 = 0. Let o(v) = -j - 7*v + 23 + 8*v - 3*v**2. Calculate o(-2).
-13
Let f(y) be the first derivative of 25*y**2/2 - 32*y - 4728. Calculate f(2).
18
Let d(z) = 2*z**3 - 79*z**2 + 5*z + 1. Let h(q) = -20*q**2 + q. Let f(n) = d(n) - 4*h(n). Suppose -3 = c - 2. Determine f(c).
-1
Let p(t) = -t**2 + 7*t - 5. Suppose 0*w = -3*w - 0*w. Suppose w = a + a - 16. Suppose -a*g + 13 + 43 = 0. What is p(g)?
-5
Let f(i) = 20*i + 8. Let v(d) = -12*d - 9. Let w(l) = 2*f(l) + 3*v(l). Give w(3).
1
Let b(h) = -11*h**3 - 26*h - 2. Let i(y) = -y**3 + 6*y + 1. Let x(f) = -b(f) - 4*i(f). What is x(2)?
122
Let d(p) = -p**3 + p**2 + 9*p + 7. Let b be 5*(39/(-52))/(45/24). Determine d(b).
1
Suppose -9 = -4*h + y - 36, 4*y = -3*h - 25. Let t(z) = -z**2 + z + 5. Let m be t(0). Let l(s) = 4*s + 6*s - 5*s + s - m + s**2. What is l(h)?
2
Let q(w) = w**3 + 6*w**2 - 28*w - 66. Let s be q(-2). Let b(a) = 20*a - 14. What is b(s)?
106
Suppose 276 = -141*s + 187*s. Let f(d) = -156*d + 932. Give f(s).
-4
Let y(p) = 2*p**2 + 12*p - 14. Let h be (-9)/51 + (-11880)/2040. Give y(h).
-14
Suppose 4*s = -3*b + 5, 0 = -0*s - 4*s - 4*b. Let w(k) = -4 + 5*k - 2*k + s. Let r(f) = 5*f + 1. Let z(m) = 4*r(m) - 7*w(m). Give z(-3).
0
Suppose 17 = 2*r + l, 0 = -5*r + 2*l - 7*l + 55. Let t be (-6 + 5 - 3) + r. Let s(n) = -3*n**2 + 3*n - 1. Calculate s(t).
-7
Let i(z) be the third derivative of 0*z + 0*z**4 + 39*z**2 - z**3 + 0*z**5 + 0 + 1/120*z**6. What is i(0)?
-6
Let p(z) = -z**3 - 6*z**2 + z + 1. Let t be (-5 - 33/(-21))*-14. Let n = t + -54. Determine p(n).
-5
Let l(c) be the third derivative of 3*c**4/4 + 91*c**3/3 - 42*c**2. Determine l(-12).
-34
Let x(a) = -a**2 - 9*a + 4. Suppose -77*u = -71*u. Let l(y) = y**3 - 2*y**2 - 6*y - 10. Let m be l(u). What is x(m)?
-6
Let o(t) = -4*t**2 - 111*t - 270. Let g be o(-25). Let u(i) = -3*i**2 + 20*i - 41. Determine u(g).
-16
Let f(o) be the first derivative of -o**2/2 + 4*o + 1. Let d(p) = -p**2 + 9*p + 37. Let s be d(6). Let w = s + -52. Give f(w).
1
Suppose -33*s - 123 = 56 + 151. Let m(y) = -y**3 - 9*y**2 + 7*y + 23. Give m(s).
53
Let u be ((-40)/(-24))/(2/6). Suppose -u*h - 2*w = 86, -3*w - 2*w = -10. Let s = h - -12. Let f(b) = b**2 + 8*b + 8. Give f(s).
-4
Let o(w) = -5 + 5 + 4 - w + 4. Let s(q) = -2*q**2 - 10*q + 165. Let h be s(11). Let v = h - -194. What is o(v)?
1
Let o(s) be the second derivative of s**5/20 - s**4/12 + s**3/6 - 7*s**2/2 + 2487*s. What is o(0)?
-7
Let c(y) = -9 + 19*y - 17*y**2 + y**3 + 2 + y + 75*y**2 - 37*y**2. Calculate c(-20).
-7
Let t(q) = q - 4. Let o(f) = -12*f + 126. Let a(h) = o(h) + 30*t(h). What is a(-4)?
-66
Let l(g) = -23*g**2 + 5 - 18*g**2 + 76*g**2 + 3*g**3 - 27*g**2. Determine l(-4).
-59
Let w(o) = o - 3. Let n(m) = 4*m**2 + 34*m - 8. Let b be n(-8). Let s be 21*(0 + 1 - b/(-6)). Let f = 59 + s. Determine w(f).
-7
Let h(x) = -x**3 - 3*x**2 + 12*x + 6. Suppose -4*t = 2*p - 36, 0*p - 18 = -2*t - 3*p. Suppose 0 = 2*l - 3*k + 1, -t = 3*l - k - k. Determine h(l).
-4
Let w(q) be the second derivative of q**5/10 + 5*q**4/6 + 7*q**2/2 - 6055*q. Let y(n) = -4*n + 3. Let x be y(2). Determine w(x).
7
Let n(q) = -q - 1. Suppose -2963 = 7*p + 1881. Let v = 688 + p. Determine n(v).
3
Let j = -16 + 19. Let k(r) = -8 + 0*r**2 + 4 + r**2 - j*r - 8. What is k(6)?
6
Let o(x) = -x**3 - 3*x**2 + 10*x - 12. Let r be o(-8). Let i = r - 230. Let j(a) = 9*a - 1. What is j(i)?
-19
Let h(p) = p**3 - 5*p**2 - 2*p - 11. Let s(b) = -2*b**2 + b + 1. Let x(l) = -h(l) + 5*s(l). Determine x(-5).
-19
Let h(q) be the second derivative of q**5/20 + 2*q**4/3 + 5*q**3/3 - 6*q. Let s = 4347 + 303. Let i be (-4)/(-78)*3 + s/(-650). What is h(i)?
-21
Let n be (-3)/(3/(-2)) + 3. Let c(k) = 2*k - 10. Let x(g) be the third derivative of g**4/24 + g**3/6 - 150*g**2. Let p(t) = -c(t) - 3*x(t). Give p(n).
-18
Suppose -5*k = -o - 7*k + 65, 3*o = 5*k + 162. Let w = o - 57. Let c(g) = 6*g**2 + 0*g + 2 - 47*g**3 + 46*g**3 + w - g. Determine c(6).
-2
Let r(v) = v**3 - 10*v**2 - 11*v - 10. Suppose -305*h + 1116 + 1934 = 0. What is r(h)?
-120
Let k(o) = -30*o - 5. Let x be k(0). Let w(t) = t**3 - 5*t**2 + t + 2. Let a(y) = y**3 - 1. Let h(v) = -2*a(v) + w(v). Determine h(x).
-1
Let a(x) = -2*x**2 - 20*x + 26. Let c(z) = z**2 + 11*z - 12. Let h(l) = -6*a(l) - 11*c(l). What is h(7)?
18
Let o(c) = 0*c + 2*c + 1460 - 3*c - 1453. Give o(3).
4
Let c be (-5)/(90/12)*1167. Let m = -781 - c. Let x(k) = -k**3 + k**2 + k + 1. Give x(m).
34
Let u(s) = -3*s**3 - s**2 + 1. Let d be (27/(-12))/((-12)/16). Let y be (-53 - -50)*1/d. Calculate u(y).
3
Let y(p) = -3*p**2 + 8*p + 12. Let r be -15 + 7/(-21)*-66. What is y(r)?
-79
Let m = 11 + -6. Suppose -a - m*a = -24. Let i(c) = -11*c + 5*c + a + 7*c. Calculate i(6).
10
Suppose -93 = -70*c + 39*c. Let b(d) = 3 + 0*d**2 - d**3 - 4*d**2 + 0*d**2 + d**2 + 6*d**2 + 2*d. Calculate b(c).
9
Let d = 79 - 52. Let l(z) = z + z + 22 - 48 + d. Suppose 5*m + 2*k + 12 = 34, 3*m + 3*k = 15. Calculate l(m).
9
Let g(c) = 9*c**3 - 8*c**2 - 4*c + 14. Let s(i) = 22*i**3 - 14*i**2 - 8*i + 28. Let f(y) = -5*g(y) + 2*s(y). What is f(12)?
34
Let x(o) = o**3 - o**2 - 3*o - 1. Let a be x(-1). Suppose -9*b + a*b = 639. Let i = b + 75. Let m(v) = v + 1. What is m(i)?
5
Let h(d) be the first derivative of d**2 + d + 4/3*d**3 + 377. Suppose 0 = -3*g - 5*i - 23, 2*g + 4*i + 21 = -3*g. What is h(g)?
3
Let d be (-26)/325 + 2706/75. Let c be d/27*(-2 - -5). Let w(g) = -4*g**3 - 6 + 3*g**2 + 7*g + 3*g**3 - g. Calculate w(c).
2
Suppose -264 + 124 = 20*r. Let h(c) = -c**2 - 5*c + 12. Give h(r).
-2
Let b be (6/(-5))/(2/(-5)) - 7. Let s = b - -6. Let p(x)